Convert 120022110 (base 3) to base 2.
10101110011011
What is -1110010022 (base 3) in base 7?
-146102
1100222210 (base 3) to base 9
40883
22101 (base 3) to base 12
16a
What is -1011004 (base 5) in base 14?
-5d7d
Convert -1112212 (base 4) to base 8.
-12646
Convert 2db (base 14) to base 6.
2413
Convert -1110101001001100 (base 2) to base 7.
-336604
Convert -1110011000101010 (base 2) to base 6.
-1132442
What is b454 (base 12) in base 11?
13842
-257c (base 13) to base 14
-1d38
What is -3500 (base 11) in base 7?
-16256
Convert 1bab (base 12) to base 5.
102233
Convert -2381 (base 10) to base 4.
-211031
-1302213 (base 4) to base 14
-295d
What is -210133 (base 4) in base 3?
-10012111
What is 1514 (base 9) in base 16?
47b
2061 (base 7) to base 9
1000
Convert 144024 (base 8) to base 12.
25784
Convert 1120011 (base 3) to base 6.
5134
-228 (base 10) to base 15
-103
Convert 21130 (base 4) to base 2.
1001011100
Convert 404012 (base 5) to base 14.
4a51
What is 6532 (base 9) in base 7?
20006
What is 31a (base 12) in base 11?
383
What is 7e8 (base 15) in base 11?
1390
Convert -12d (base 16) to base 8.
-455
-623 (base 8) to base 14
-20b
Convert 4563 (base 13) to base 11.
7331
-44 (base 10) to base 4
-230
What is -10554 (base 7) in base 2?
-101001111101
-680 (base 15) to base 8
-2676
Convert -74b (base 13) to base 9.
-1634
What is 111232 (base 6) in base 9?
13772
21328 (base 9) to base 5
422440
What is -46822 (base 11) in base 2?
-10000011111010110
What is 1110110011000110 (base 2) in base 12?
2b0b2
Convert -12523 (base 6) to base 7.
-5415
Convert 5841 (base 10) to base 11.
4430
Convert -297 (base 14) to base 15.
-250
-10479 (base 13) to base 3
-1111020120
15a54 (base 13) to base 3
2002122211
What is 643 (base 13) in base 15?
4b4
Convert 1834 (base 13) to base 9.
4831
Convert -261a (base 11) to base 10.
-3409
Convert -10011101001 (base 2) to base 7.
-3444
What is -633 (base 12) in base 10?
-903
What is 101001001011 (base 2) in base 16?
a4b
What is -14102 (base 6) in base 2?
-100010010110
404 (base 13) to base 16
2a8
What is -906c (base 13) in base 7?
-111624
Convert ec (base 15) to base 3.
22020
What is 1002002 (base 3) in base 7?
2201
What is -10420 (base 5) in base 4?
-23133
What is 935 (base 10) in base 2?
1110100111
Convert -360 (base 10) to base 11.
-2a8
-4050 (base 7) to base 4
-111333
What is 266 (base 11) in base 7?
626
Convert -2211 (base 4) to base 5.
-1130
-2232 (base 4) to base 16
-ae
116 (base 15) to base 2
11110110
What is -6a3 (base 14) in base 6?
-10035
Convert 113311 (base 4) to base 7.
4306
2047 (base 10) to base 15
917
Convert 23e (base 15) to base 13.
302
What is -12742 (base 13) in base 12?
-17954
Convert -4003 (base 13) to base 4.
-2021113
What is 302031 (base 4) in base 8?
6215
Convert 3a96 (base 13) to base 8.
20324
20233 (base 5) to base 12
91a
-1958 (base 10) to base 14
-9dc
Convert -6127 (base 9) to base 2.
-1000110000000
10101111101 (base 2) to base 8
2575
16a (base 12) to base 11
196
What is -55673 (base 9) in base 8?
-110212
22231 (base 4) to base 16
2ad
What is 775 (base 11) in base 8?
1641
-17b (base 13) to base 14
-155
Convert -d123 (base 14) to base 16.
-8c3b
What is -4003441 (base 5) in base 8?
-173024
What is -24c8 (base 14) in base 6?
-45504
What is 14c (base 16) in base 13?
1c7
What is 24bf (base 16) in base 6?
111315
30117 (base 9) to base 11
13952
Convert 11000 (base 5) to base 13.
459
Convert -110100100100 (base 2) to base 14.
-1324
Convert 829 (base 16) to base 6.
13401
-314142 (base 6) to base 14
-9450
Convert -493 (base 13) to base 14.
-40c
Convert -35a (base 14) to base 5.
-10133
Convert 167431 (base 8) to base 9.
102860
What is c0 (base 13) in base 6?
420
What is 33a9 (base 12) in base 11?
4353
What is 1922 (base 10) in base 9?
2565
Convert -212122 (base 3) to base 2.
-1001111110
What is 2330313 (base 4) in base 11?
9099
What is -11139 (base 10) in base 3?
-120021120
5630 (base 8) to base 2
101110011000
Convert 31a (base 12) to base 7.
1216
What is 13610 (base 7) in base 5?
104411
Convert -2221101 (base 3) to base 2.
-100001011111
Convert -110011100000 (base 2) to base 12.
-1aa8
Convert -24 (base 9) to base 7.
-31
What is 1718 (base 14) in base 3?
12200021
Convert 3a6 (base 12) to base 4.
20232
Convert 30c0 (base 13) to base 15.
1eec
24135 (base 6) to base 10
3515
What is -3103212 (base 4) in base 15?
-402c
Convert 13022 (base 4) to base 16.
1ca
8a (base 16) to base 11
116
Convert 2253 (base 7) to base 9.
1113
Convert -1c73 (base 16) to base 8.
-16163
Convert -1131 (base 7) to base 15.
-1c9
Convert d77 (base 15) to base 3.
11011111
8217 (base 9) to base 10
6010
-1102 (base 11) to base 7
-4145
Convert 320 (base 12) to base 10.
456
-122c (base 14) to base 16
-c68
-6615 (base 8) to base 7
-13054
What is -11406 (base 8) in base 13?
-22a8
What is 43433 (base 5) in base 13?
1493
What is 22222111 (base 3) in base 11?
4a12
What is -2bb6 (base 12) in base 4?
-1100322
101132 (base 4) to base 12
792
Convert -1042 (base 6) to base 14.
-134
Convert 125 (base 7) to base 5.
233
What is b284 (base 15) in base 12?
19997
Convert -11781 (base 13) to base 3.
-1121221220
Convert 2813 (base 12) to base 14.
1983
Convert -5424 (base 6) to base 15.
-57a
Convert 72618 (base 9) to base 13.
18a49
Convert -10101101011010 (base 2) to base 16.
-2b5a
What is -a005 (base 13) in base 8?
-52727
What is 2720b (base 12) in base 13?
1b698
234 (base 16) to base 6
2340
Convert -251 (base 12) to base 9.
-427
What is b80 (base 14) in base 2?
100011011100
What is 414120 (base 6) in base 16?
8220
What is -60c (base 14) in base 7?
-3315
What is 1533 (base 7) in base 15?
2ac
Convert -3b5a (base 16) to base 9.
-22752
Convert 235 (base 10) to base 12.
177
What is 30133 (base 4) in base 15?
384
-110110100011 (base 2) to base 9
-4708
Convert -1377 (base 11) to base 4.
-123302
What is -76c0 (base 14) in base 6?
-235052
Convert 101534 (base 6) to base 14.
2db4
Convert -1ba9 (base 15) to base 12.
-3589
121220 (base 3) to base 16
1c8
6ac (base 13) to base 11
961
-7117 (base 13) to base 16
-3cd0
Convert -1755a (base 13) to base 14.
-124c4
-103321 (base 8) to base 6
-423441
Convert -101310 (base 4) to base 11.
-947
Convert -415a3 (base 11) to base 5.
-3414423
113311 (base 4) to base 15
6ba
Convert 2142 (base 7) to base 6.
3313
-42164 (base 7) to base 5
-313020
112121 (base 4) to base 12
9b5
Convert 1450 (base 11) to base 3.
2120021
Convert -2a2 (base 12) to base 14.
-214
What is 1121022000 (base 3) in base 12?
16323
-2267 (base 8) to base 15
-557
Convert -243310 (base 5) to base 12.
-53b1
Convert 201413 (base 5) to base 8.
14523
What is -11031 (base 5) in base 13?
-46c
What is -377 (base 10) in base 15?
-1a2
What is 2033113 (base 4) in base 10?
9175
What is -46851 (base 11) in base 9?
-112622
What is 4d79 (base 16) in base 10?
19833
5888 (base 12) to base 8
23250
Convert 2030231 (base 5) to base 15.
9c7b
Convert 1110001 (base 2) to base 4.
1301
Convert -1104022 (base 6) to base 15.
-115c5
What is -183 (base 9) in base 8?
-234
Convert 24b5 (base 12) to base 4.
1001021
What is -2894 (base 11) in base 3?
-12010021
What is dce (base 15) in base 8?
6057
What is a58 (base 16) in base 6?
20132
What is 204121 (base 5) in base 3?
100022100
What is -2c5 (base 16) in base 11?
-595
Convert 4914 (base 12) to base 14.
2dd6
107 (base 11) to base 12
a8
3365 (base 12) to base 2
1011000111101
What is -211230 (base 4) in base 13?
-1137
Convert -95 (base 11) to base 5.
-404
10001010001110 (base 2) to base 6
104542
What is 32332 (base 4) in base 13?
589
Convert 22244 (base 6) to base 16.
c34
Convert 1100 (base 3) to base 7.
51
32102 (base 4) to base 5
12124
What is -22002 (base 3) in base 10?
-218
Convert 1212201 (base 3) to base 9.
1781
Convert -5567 (base 14) to base 8.
-34707
Convert -3582 (base 12) to base 7.
-23333
Convert 2113 (base 8) to base 15.
4d4
What is -4021401 (base 5) in base 2?
-1111100111101000
-4437 (base 9) to base 10
-3274
-101011010010 (base 2) to base 9
-3717
Convert 3496 (base 11) to base 15.
1557
-101110 (base 2) to base 7
-64
What is -2122110100 (base 3) in base 12?
-26190
Convert -110222 (base 4) to base 5.
-20242
-2344 (base 5) to base 6
-1341
What is 20404 (base 5) in base 4?
111022
Convert -5a55 (base 12) to base 9.
-14822
What is 104433 (base 5) in base 10?
37